) = -1595*h - 9562. Give q(-6).
8
Let i(x) = -5*x - 64. Give i(-19).
31
Let q(d) = 8*d**3 + 94*d**2 - 18*d + 56. Determine q(-12).
-16
Let t(f) = -35197*f - 175989. Determine t(-5).
-4
Let a(w) = 1725*w - 8629. Give a(5).
-4
Let s(r) = r**3 - 6*r**2 - 1147*r + 5774. Calculate s(5).
14
Let f(m) = -m**3 + 8*m**2 - 6*m - 6. What is f(6)?
30
Let x(t) = 126*t - 14481. Give x(115).
9
Let u(w) = 2*w**2 + 2057*w + 6143. Give u(-3).
-10
Let t(g) = g**2 + 16*g - 338. Calculate t(-28).
-2
Let z(a) = -2*a**2 - 29*a - 4. Give z(-15).
-19
Let m(a) = 3*a**3 + 16*a**2 + 31*a + 29. Determine m(-6).
-229
Let m(q) = q**3 + 72*q**2 + 65*q - 424. Determine m(-71).
2
Let s(d) = -7*d + 238. Give s(33).
7
Let c(t) = 99*t - 1481. Determine c(13).
-194
Let k(g) = -g**3 + 39*g**2 - 2*g + 102. What is k(39)?
24
Let w(o) = -2*o**2 + 4221*o - 16887. What is w(4)?
-35
Let f(z) = -852*z - 57. Give f(-1).
795
Let g(l) = -l**3 - 11*l**2 - 58*l - 370. What is g(-9)?
-10
Let z(r) = r**3 + 30*r**2 + 126*r - 139. Determine z(-26).
-711
Let a(t) = -221*t + 1859. Calculate a(8).
91
Let a(d) = d**3 + 2*d**2 - 2*d + 489. Determine a(0).
489
Let y(l) = 150*l + 16055. Give y(-107).
5
Let r(d) = -d**3 - 41*d**2 + 125*d - 243. Calculate r(-44).
65
Let l(u) = 2*u**2 + 1040*u - 11697. Calculate l(11).
-15
Let u(m) = -774*m + 16244. What is u(21)?
-10
Let f(b) = 2*b**3 - 53*b**2 + 3*b - 839. Give f(27).
-29
Let w(v) = -19*v + 579. Determine w(34).
-67
Let p(n) = -n**3 + 3*n**2 - 6*n - 30. Determine p(-3).
42
Let b(i) = 7*i**2 + 301*i + 1. Calculate b(-43).
1
Let v(z) = -37*z + 1056. Give v(25).
131
Let y(x) = -x**3 + 40*x**2 - 239*x + 47. Give y(7).
-9
Let x(z) = -49*z**3 + 3185*z**2 - 4*z + 263. Give x(65).
3
Let j(l) = 4*l**3 - 682*l**2 - 312*l - 5135. Determine j(171).
-5
Let i(a) = -3*a**2 + 16*a - 58. Calculate i(9).
-157
Let g(c) = c**3 - 17*c**2 - 28*c + 169. Give g(18).
-11
Let n(g) = 4*g**2 + 38*g + 85. Calculate n(-5).
-5
Let f(r) = -4*r**2 - 980*r - 4861. What is f(-240)?
-61
Let w(j) = j**2 - 40*j - 341. Calculate w(48).
43
Let m(t) = 58*t - 1034. Give m(17).
-48
Let v(j) = 8*j**2 + 32*j - 11. Calculate v(-5).
29
Let q(r) = -r**3 - 27*r**2 + 91*r + 20. Calculate q(-30).
-10
Let y(v) = 19*v - 485. What is y(23)?
-48
Let d(n) = n**3 + 22*n**2 - 1642*n - 145. Calculate d(-53).
-198
Let t(p) = -p**3 - 53*p**2 - 3*p - 164. Give t(-53).
-5
Let l(a) = -6*a**3 + 6*a**2 + 55*a - 60. Determine l(1).
-5
Let r(v) = 103*v - 1051. Determine r(10).
-21
Let c(l) = 6*l**3 + 11*l**2 + 17*l + 7. What is c(-1)?
-5
Let b(u) = -u**3 - 400*u**2 + 3664*u - 6951. What is b(-409)?
2
Let s(c) = -2301*c - 13814. Give s(-6).
-8
Let b(c) = 11399*c - 433160. Calculate b(38).
2
Let s(q) = -q**2 + 284*q + 2677. Calculate s(-9).
40
Let p(z) = 14*z**2 - 74*z + 19. Calculate p(6).
79
Let z(x) = -x**3 - 40*x**2 - 221*x - 106. What is z(-6)?
-4
Let g(p) = -252*p - 1760. Determine g(-7).
4
Let l(c) = -124*c - 970. Give l(-8).
22
Let y(x) = 5*x**3 + 17*x**2 - 78*x + 58. Give y(1).
2
Let b(c) = -9*c**2 + 532*c - 66. What is b(59)?
-7
Let w(n) = n**2 - 445*n - 34319. Give w(-67).
-15
Let m(b) = -2*b**3 + 12*b**2 - 20*b - 24. Determine m(6).
-144
Let r(p) = -103*p + 301. Give r(3).
-8
Let z(q) = -329*q - 676. Determine z(-2).
-18
Let b(k) = 10*k - 288. Calculate b(32).
32
Let z(f) = -f**2 - 24*f - 47. Give z(-26).
-99
Let v(c) = c**3 - 16*c**2 - 49*c + 954. Calculate v(15).
-6
Let w(x) = x**3 - 6*x**2 - 22*x + 154. Calculate w(6).
22
Let q(y) = -13*y**2 - 456*y - 2265. Give q(-6).
3
Let b(h) = h**3 + 32*h**2 + 2*h - 192. What is b(-31)?
707
Let f(t) = -t**2 + 14*t + 154. Give f(19).
59
Let r(k) = k**3 + 32*k**2 - 105*k - 3. Determine r(-35).
-3
Let u(w) = -w**2 - 38*w - 291. What is u(-22)?
61
Let y(b) = -b**3 + 90*b**2 - 141*b - 3078. Calculate y(88).
2
Let h(c) = 467*c - 153185. Calculate h(328).
-9
Let v(y) = -y**3 - 25*y**2 + 35*y + 149. Give v(-26).
-85
Let w(u) = 4*u**2 - 134*u + 420. Calculate w(30).
0
Let w(s) = 309*s + 3086. Give w(-10).
-4
Let w(p) = -2*p**2 + 106*p - 1395. Calculate w(24).
-3
Let x(a) = a**2 - 39*a - 618. What is x(-12)?
-6
Let x(c) = -3*c**3 + 5*c**2 - 19*c + 56. Determine x(4).
-132
Let p(a) = a**3 + 3*a**2 - 36*a + 15. What is p(-8)?
-17
Let m(c) = -c**3 - 4*c**2 - 55*c - 67. Determine m(-5).
233
Let w(h) = -87*h + 1347. Calculate w(15).
42
Let s(p) = -2*p**3 - 48*p**2 + 12*p + 1. Give s(-24).
-287
Let k(z) = -503*z + 4069. What is k(8)?
45
Let k(q) = q**2 - 836*q - 3353. Determine k(-4).
7
Let l(h) = h**3 - 150*h**2 + 2498*h - 1173. Give l(131).
6
Let g(c) = -7*c - 154. Calculate g(-16).
-42
Let x(z) = 2*z**3 - 5*z**2 - 3*z - 13. Give x(0).
-13
Let v(l) = l**3 - 20*l**2 - 98*l + 32. Calculate v(24).
-16
Let l(c) = 22*c**2 + 2246*c + 264. Give l(-102).
60
Let w(p) = -25*p**2 + 157*p - 36. Calculate w(7).
-162
Let k(f) = 1047*f + 87. Give k(-1).
-960
Let y(a) = 7*a - 192. Calculate y(36).
60
Let y(v) = 1448*v + 27519. Calculate y(-19).
7
Let c(o) = 10*o + 510. Calculate c(-54).
-30
Let p(r) = 26*r**3 + r**2 + 132*r + 131. Give p(-1).
-26
Let f(o) = o**2 + 14*o - 48. Calculate f(-9).
-93
Let l(r) = -64*r - 800. Calculate l(-13).
32
Let n(x) = 83*x - 4555. What is n(54)?
-73
Let h(w) = w**3 - 34*w**2 - 88*w + 1850. What is h(35)?
-5
Let z(m) = -82*m**2 - 2868*m + 66. Give z(-35).
-4
Let u(m) = -7*m**3 - 17*m**2 - 17*m + 20. What is u(-6)?
1022
Let g(u) = 4461*u - 22298. Give g(5).
7
Let f(v) = 5*v + 35. Determine f(-5).
10
Let i(r) = 2258*r + 47385. Calculate i(-21).
-33
Let u(v) = v**2 - 22*v - 37. Calculate u(25).
38
Let f(k) = 11*k**2 - 66*k + 62. What is f(5)?
7
Let a(x) = -2294*x**2 + 13771*x - 45. Determine a(6).
-3
Let c(m) = 311*m**2 + 4049*m + 39. Give c(-13).
-39
Let k(g) = 22*g - 724. Determine k(33).
2
Let m(w) = w**3 - 26*w**2 + 14*w - 367. Give m(26).
-3
Let n(q) = 362*q + 20290. Determine n(-56).
18
Let g(w) = -2*w**3 + 117*w**2 - 57*w - 7. Determine g(58).
51
Let d(x) = 17*x + 765. What is d(-48)?
-51
Let q(o) = o**3 + 12*o**2 - 8*o - 315. Determine q(-8).
5
Let i(v) = v**2 + 151*v + 869. Give i(-6).
-1
Let l(t) = -t**2 + 25*t - 52. Calculate l(23).
-6
Let r(v) = 2024*v - 12137. Calculate r(6).
7
Let c(j) = -2*j**3 - 79*j**2 + 651*j - 3. Calculate c(7).
-3
Let t(r) = -r**3 - 7*r**2 + 34*r + 11. What is t(6)?
-253
Let m(c) = -c**3 - 8*c**2 - 96*c - 343. What is m(-4)?
-23
Let h(g) = g**3 + 14*g**2 + 58*g + 781. Calculate h(-14).
-31
Let a(s) = 347*s - 36085. Calculate a(104).
3
Let j(b) = b**3 + 51*b**2 - 22*b - 1111. Give j(-51).
11
Let i(u) = 16*u - 116. Determine i(6).
-20
Let w(l) = 89*l + 740. Calculate w(-8).
28
Let w(n) = 46*n + 2364. Determine w(-51).
18
Let m(q) = 37*q**2 + 23*q - 25. What is m(1)?
35
Let s(w) = w**3 - 2*w**2 + 7*w - 175. Give s(6).
11
Let o(a) = 203*a**2 + 1250*a + 193. What is o(-6)?
1
Let w(p) = -4*p**2 - 41*p - 26. Determine w(-9).
19
Let t(m) = -273*m - 2443. What is t(-9)?
14
Let r(p) = 15*p + 214. What is r(-9)?
79
Let w(m) = -2039*m - 44872. What is w(-22)?
-14
Let y(c) = c**3 - 29*c**2 + 163*c - 47. Determine y(8).
-87
Let f(a) = -a**3 - 182*a**2 - 70*a - 46297. Calculate f(-183).
2
Let b(u) = -u**3 + 18*u**2 - 55*u - 129. Determine b(13).
1
Let z(t) = -23386*t + 233867. What is z(10)?
7
Let r(g) = g**3 + 31*g**2 + 56*g + 1734. Give r(-31).
-2
Let s(t) = -15*t + 136. Give s(-15).
361
Let o(f) = -26*f**2 + 285*f + 11. What is o(11)?
0
Let x(q) = -148*q**2 + q + 3. What is x(-1)?
-146
Let d(h) = -2*h**3 - 51*h**2 + 2157*h - 70. Determine d(-48).
74
Let b(v) = 3*v**2 + 10*v - 34. Give b(-10).
166
Let x(a) = -266*a - 11172. Determine x(-42).
0
Let j(u) = 2*u**2 - 102*u - 694. Determine j(57).
-10
Let r(w) = -28*w - 365. Give r(-13).
-1
Let d(c) = 27*c + 979. Calculate d(-36).
7
Let m(x) = -4266*x + 25587. Determine m(6).
-9
Let t(z) = z**3 + 5*z**2 + 13*z + 11. Give t(-3).
-10
Let f(z) = -z**2 - 33*z - 182. Give f(-15).
88
Let a(s) = 14*s**2 - 82*s - 13. What is a(7)?
99
Let l(t) = -3*t**2 + 26*t - 53. Determine l(12).
-173
Let a(t) = t**3 + 76*t**2 + 34*t - 3073. What is a(-75)?
2
Let v(m) = m**3 + 107*m**2 + 2753*m + 25. What is v(-43)?
-18
Let j(y) = -175*y**2 + 3*y - 2. Give j(1).
-174
Let j(v) = -v**2 - 90*v - 494. Give j(-84).
10
Let u(a) = -a**3 + 19*a**2 + 42*a - 6. Determine u(21).
-6
Let w(i) = i**2 - 34*i + 118. Give w(26).
-90
Let h